9
Suppose 0 = i - 13 - 33. Let k be 8/(-28) + i/14. What are the prime factors of (15 - (1 - k)) + 2?
19
Let a(b) = -79*b - 148. List the prime factors of a(-14).
2, 479
Let r(t) = -t**3 + 15*t**2 + 31*t + 67. What are the prime factors of r(15)?
2, 7, 19
Suppose -3*y + s + 17028 = y, -3*y + s + 12772 = 0. List the prime factors of y.
2, 7, 19
Let f = -31 + 29. Let l be ((-28)/(-8))/(f/(-44)). List the prime factors of 4/7 + 957/l.
13
Let h(y) = -3*y**3 - 3*y**2 - 14*y. Let m be h(-4). Suppose -20*u - m = -1880. What are the prime factors of u?
2, 3, 7
Let h be (-1)/(-3) - 592/12. Let g = h - -91. What are the prime factors of 2 - 2 - g/(-6)?
7
Let r(m) = 2*m**2 - 12*m + 17. List the prime factors of r(5).
7
Suppose 2*q - 2*a = 0, -7 = -4*q + 4*a - 7*a. What are the prime factors of (-7)/(q*4/(-48))?
2, 3, 7
Let r = -337 + 486. Suppose 2*b = 2, -3*c - 3 = -0*c - 3*b. Suppose -4*s - 41 + r = c. List the prime factors of s.
3
Suppose d = 2*c - 9, -4*c - 4*d = -0*c. Suppose n = -3, -c*t + 20 = 5*n - 52. List the prime factors of t.
29
Let a be (1 - 2)*(1 + -18). Suppose 0 = -5*h + a - 7. Suppose 5*n = h*z + 27 + 1, -3*z + 27 = 4*n. List the prime factors of n.
2, 3
Suppose 3*y + 28 = 7*y. Suppose -8*w + 25 = -y. List the prime factors of w.
2
Let f = 14 + -7. Suppose -m = -f*m + 684. List the prime factors of m.
2, 3, 19
Suppose -4*z + 2*t + 4 = 0, 4*z + 5*t = 10*t - 8. What are the prime factors of 2148/9 - 2/z?
2, 7, 17
Suppose 0 = 813*w - 807*w - 17388. List the prime factors of w.
2, 3, 7, 23
Let v = 126 - 25. Let x = v - 30. List the prime factors of x.
71
Let u(l) = 2*l**3 - 2*l**2 - 12*l + 7. What are the prime factors of u(6)?
5, 59
Let s(r) = -16*r**3 - 2*r**2 - 2*r - 1. Suppose 4*h - 18 = 10. Let l be 0/1 + (h - 8). What are the prime factors of s(l)?
3, 5
List the prime factors of 0 + 452 - (-5)/(-1).
3, 149
Suppose -11*w = -3*w - 10384. List the prime factors of w.
2, 11, 59
Suppose 140 = 5*j - 0*j. List the prime factors of ((-49)/j)/((-1)/16).
2, 7
Let h = -496 - -667. What are the prime factors of h?
3, 19
Suppose 0*w + 5*w - f - 12 = 0, 9 = w + 2*f. Let x(t) = -t**2 + 4*t - 1. Let g be x(w). What are the prime factors of 3/((-1)/g*-2)?
3
Suppose -1200 = -13*z + 9*z. List the prime factors of z/3 - (-2)/(-4)*-2.
101
Let z(w) be the first derivative of -w**3/3 - 27*w**2/2 - 32*w + 12. List the prime factors of z(-15).
2, 37
Let u(b) = b**3 - 9*b**2 + 7*b + 11. Let t be u(8). Suppose -t*m = 4*c + 12, -8*c - 12 = -4*c - 4*m. What are the prime factors of ((-12)/3 - c)*-14?
2, 7
Suppose -4*z - 2*t = -1642, -3*z - t = -272 - 959. Suppose 715 + z = 5*y. What are the prime factors of y?
3, 5
Suppose -480 = -2*m - 104. Suppose m = -4*h - 3*o + 592, -3*h = o - 308. What are the prime factors of h?
2, 13
Let w be (-6)/(-4)*263*2. What are the prime factors of (-3)/(-18) - w/(-18)?
2, 11
Let q(h) = -81 + 65 + 11*h + h. List the prime factors of q(5).
2, 11
Suppose -3*d - 2 = 2*g, -48 + 8 = 4*g - 3*d. Let j = g - -10. Suppose 0 = y + j*l + 2, 16 = 3*y + l + 6. List the prime factors of y.
2
Let r be (-6 - 20/(-5)) + 49. Let d = r + -8. List the prime factors of d.
3, 13
Let h = -4 + 7. Suppose 42*u - 58 = 40*u. Suppose -2*r - 1 = -3, 0 = h*f + 5*r - u. List the prime factors of f.
2
Let u = -87 - -153. Suppose 0 = -3*n - 3*d - u, 5*n + d + 2*d = -102. Let j = n + 30. List the prime factors of j.
2, 3
Let j = -6 - -25. Suppose j*t = 12 + 4187. What are the prime factors of t?
13, 17
Let t = -776 - -1500. List the prime factors of t.
2, 181
Let x(h) = 8*h - 6 + 12*h + 5. Let q be x(-1). What are the prime factors of (q/(-14))/(3/10)?
5
Let d be 2/6 + (-22)/(-6). Suppose x + 2 + d = 0. List the prime factors of (-2)/4 + (-33)/x.
5
Suppose -4*q - 5*x = -0*x - 1456, -5*q + x + 1791 = 0. What are the prime factors of q?
359
Let c be (-1)/(-3) + 2020/(-30). Let h = -26 - c. Let s = -5 + h. List the prime factors of s.
2, 3
What are the prime factors of (-4 + 699/6*-11)*-2?
3, 857
Suppose 3*y = -3*y + 18. Suppose -180 = -y*g - 3*q, 67 = g - 4*q - 3. List the prime factors of g.
2, 31
Let c(q) = -q**2 + 15*q - 19. Let u be c(15). Let x = 22 + u. Suppose b = -x*b + 12. List the prime factors of b.
3
Let b = 115 + 11. Let d = b - 18. What are the prime factors of d?
2, 3
Let t = 415 - 40. List the prime factors of t.
3, 5
Let r(k) = -10*k - 48. Let d be r(-12). Let i = 150 - d. List the prime factors of i.
2, 3, 13
Suppose -3*x - x + 84 = 0. Let w be 40/(-7) - 6/x. Let y(m) = -m**3 - 7*m**2 - 7*m - 4. What are the prime factors of y(w)?
2
Suppose -242 = -3*p + 3*z - 29, 4*p + 2*z - 284 = 0. Let n = p - 19. What are the prime factors of n?
2, 13
Let v = 42 - 37. Suppose -51 = -v*d + 39. What are the prime factors of d?
2, 3
Let t = -4 - 5. Let w = -91 - -97. List the prime factors of (-12 - 2)/(w/t).
3, 7
Let v(q) = 15 - 11 - 12*q - 7. What are the prime factors of v(-2)?
3, 7
Let x be 2/1 - 3*(-1 + 0). Suppose 171 = x*f + 21. List the prime factors of f.
2, 3, 5
Suppose -3*o + 4 = -2*o. Let q be 564/(-15)*(-30)/o. Suppose 4*g = -z + q, -g + 63 = 3*z + z. What are the prime factors of g?
71
Suppose 0 = -27*f + 29*f - 50. Suppose 5*y - 2*y - 30 = -5*h, f = 5*y. What are the prime factors of h?
3
Let k(u) = 277*u + 19. What are the prime factors of k(3)?
2, 5, 17
Suppose -3*j = 7 - 28. Let c(m) = -2 + 6 + 3*m - 1 + 12. List the prime factors of c(j).
2, 3
Suppose -2*o + 2*x - 9 = 7, -10 = 3*o + 4*x. Let j(b) = -b**3 - 8*b**2 - 12*b - 4. Let i be j(o). List the prime factors of i*(-17)/4*3.
3, 17
Let s(g) be the first derivative of 3*g**2/2 + 116*g - 4. List the prime factors of s(0).
2, 29
List the prime factors of ((-10)/(-4)*-1)/((-3)/96).
2, 5
Suppose 2*n - 4815 = p, 23*p - 2410 = -n + 24*p. What are the prime factors of n?
5, 13, 37
Let p be (-391)/(-119) + (-2)/7. What are the prime factors of 86 + (-3 - 0*p/12)?
83
Suppose -485 + 877 = 2*l. What are the prime factors of l?
2, 7
Suppose -2*m - 177*g = -178*g - 94, -4*g = m - 56. Let a = -28 - -45. Suppose -5*s + m = -a. What are the prime factors of s?
13
Suppose -3*y + 889 = -n, 2*n + 838 = 2*y + 248. What are the prime factors of y?
3, 11
Let m = 305 + -103. Suppose -3*o - 3*p = 2*o - 255, 2*p = -4*o + m. List the prime factors of o.
2, 3
Suppose -2*s + 585 = -s + 3*k, 2*k = 3*s - 1810. List the prime factors of s.
2, 3, 5
Let d = 10 - 6. Let c be (16/6)/((-4)/(-6)). Suppose c*q + 127 = -3*s + 8*s, s + d*q = 35. What are the prime factors of s?
3
Let o(s) = -s**2 - 31*s - 54. Suppose 8*b + 69 + 163 = 0. What are the prime factors of o(b)?
2
Let n = 35 - 52. Let z = -13 - n. What are the prime factors of z?
2
Suppose 14*f - 7910 = 6384. List the prime factors of f.
1021
Let q(m) = 3*m + 9*m**2 + 1635 - 1631 - 4*m**2. What are the prime factors of q(5)?
2, 3
List the prime factors of (46 + 0 + -3)*(-16 - -18).
2, 43
List the prime factors of (18/(-4))/((-2)/316).
3, 79
Let a be -8 - (7 - 12) - (-1 + 1). What are the prime factors of (a + (-2)/1)*138/(-10)?
3, 23
Suppose 4*r = c - 0*r, -3*c = -4*r. Let u = c + 5. Suppose 5*y - 3*y - u*t = 61, y = 3*t + 32. List the prime factors of y.
23
What are the prime factors of (-96577)/(-91) + 6/(-21)?
1061
Let o(z) = 415*z - 138. List the prime factors of o(6).
2, 3, 7
Suppose -2*q = 4*f - 2024, -4*f + 2028 = 6*q - 2*q. List the prime factors of f.
5, 101
Let m(c) = 8*c**3 + c**2 - 1. Let l be m(1). Suppose 0 = -2*k + o - 4*o + 95, 3*k - 2*o - 110 = 0. Suppose -l = x - k. What are the prime factors of x?
2
Suppose -2*s - 889 = -1191. What are the prime factors of s?
151
Suppose 0 = -47*b + 30*b + 80376. List the prime factors of b.
2, 3, 197
What are the prime factors of (576/(-27) + -6)/(2/(-12))?
2, 41
Suppose 3176 = 4*n + 4*j - 16, -4*n - 3*j = -3188. List the prime factors of n.
2, 397
Let h(s) = 2*s + 4. Let r be h(4). Suppose -r = -7*f + f. Suppose 2*l = v + 85, f*v + 196 = 5*l + 5*v. List the prime factors of l.
41
Suppose -3*d = -4*g + 1013, -5*g + 4*d + 60 = -1205. List the prime factors of g.
257
Suppose 5*r - 663 = 2*r. Suppose 3*d = r + 4. List the prime factors of d.
3, 5
Let i = 4 + 0. Suppose 3*f + 162 = 2*w, -5*w + 2*f + 383 = -0*f. Suppose i*j + j = w. List the prime factors of j.
3, 5
Let i be (-5)/(-10)*(-2 + 6). Let k be (0 - 0 - 0) + i.